 -j**2 - 6*j - 4. Let b(q) = q**2 - 8*q + 3. Let a = 6 - -1. Let v be b(a). What is the units digit of r(v)?
4
Suppose -9*c - 33312 = -11*c. What is the units digit of c/104 - (-4)/(-26)?
0
Suppose -3*q = -8*q - 25. Let u(f) = 3*f + 9. Let n be u(q). Let a = n - -17. What is the units digit of a?
1
Let o(k) = k**2 + 18*k + 30. Let j be o(-18). Suppose -2*s - 2*s - 72 = -5*v, -3*v = 2*s - j. What is the tens digit of v?
1
Let w(c) = -41*c**3 - c. Let d be w(1). What is the units digit of (-3493)/d - (-2)/(-12)?
3
Suppose -2*x = -8*x + 312. Suppose -q + 52 = 3*y, -4*y + x = q + 2. What is the tens digit of q?
5
Suppose 5*b - 29 = 4*d + 16, 3*b + 69 = -4*d. Let x = -10 - d. Suppose -10 = -v - x. What is the units digit of v?
5
Let t(c) = 2*c**3 + c**2 - c + 10 - 10 + 0*c. Let q = -7 - -8. What is the units digit of t(q)?
2
Suppose 36*o - 62*o = -71240. What is the units digit of o?
0
Let n be (4 + 38)/(-2) + -2. Let w(c) = -c**3 - 25*c**2 - 49*c + 1. What is the tens digit of w(n)?
7
Let p = 3017 - 1462. What is the hundreds digit of p?
5
Suppose 3 = -3*f - 5*d, 2*d - 27 = 3*f - d. Let a be (-45)/f*(-4)/(-3). Suppose -4*b + a + 2 = 0. What is the units digit of b?
3
Suppose 5*r - 21900 = 2*u, -4*r + 19042 = -2*u + 1520. What is the hundreds digit of r?
3
Let z be (-56)/10 - (-6)/10. What is the units digit of 4/3*(-2 - z)*42?
8
Suppose -4*g - 382 = -2*k, g = -3*k - 3*g + 533. What is the tens digit of k + (16/20)/(4/(-10))?
8
Suppose f + 6*x = 5*x + 34, -4*x - 44 = -2*f. Let l be 0*((1 - 0) + 0). Suppose 3*g + l*g - f = 0. What is the tens digit of g?
1
Let s(l) = 1743*l - 192. What is the thousands digit of s(3)?
5
Suppose 2*z + 2*v + 10 = 0, 4 = -3*z - 2*v - 6. Let q(n) be the first derivative of -n**3/3 - n**2/2 + 7*n + 1. What is the units digit of q(z)?
7
Suppose -11*a = -12*a + 9. Suppose -a*r + 13*r - 116 = 0. What is the units digit of r?
9
Let h be 40/16*8/10. Suppose c - 10 = -h. Let z = 9 - c. What is the units digit of z?
1
Let p(f) = f**2 + 5*f**3 + 3*f**2 - 4*f + 11*f**3 - 2 + 2*f. Let v be p(2). Suppose -v = -4*z + 14. What is the units digit of z?
8
Let s = -1036 - -1648. What is the hundreds digit of s?
6
Suppose 24 - 2 = 2*h. Suppose -15*q = -h*q - 316. What is the units digit of q?
9
Let n(r) = -4*r**2 - 5*r**3 + 11*r - 8 - 3 - 4. Let y(i) = 6*i**3 + 3*i**2 - 11*i + 16. Let h(s) = -5*n(s) - 4*y(s). What is the tens digit of h(-9)?
2
Let d = 2 + -32. Let r = 55 + d. Suppose 0 = -5*x + r, -h + 3*x = 3*h - 13. What is the units digit of h?
7
Let v be (-20)/(-25) + (-1)/(-5). Let h(q) = 109*q**2 + 1. What is the tens digit of h(v)?
1
Let f = -478 - -576. What is the tens digit of f?
9
Let c be (-2)/3 + (-1448)/(-12). What is the tens digit of -6 - c/(-18) - 502/(-3)?
6
Suppose 2*c + 14 - 4 = 0. What is the tens digit of 6*9*c/(-10)?
2
Let s = 159 - 48. What is the tens digit of s?
1
Suppose -12 = -9*g + 12*g, 5*p = 4*g + 14491. What is the units digit of p?
5
Suppose 1851 = 6*m - 4569. What is the hundreds digit of m?
0
Let j(l) = -17*l + 18. Let v(y) = -y**3 - 8*y**2 + y. Let k be v(-8). What is the tens digit of j(k)?
5
Suppose 20*v - 9389 - 22731 = 0. What is the hundreds digit of v?
6
Let s(i) = 5*i**2 - 4*i + 277. What is the thousands digit of s(-15)?
1
Let a = -20 - -27. Let s(r) = r + 7 - 32*r**3 - a. What is the units digit of s(-1)?
1
Let b(m) be the second derivative of -m**4/12 - 5*m**3/3 - 3*m**2/2 + 10*m + 2. Let a be (-8)/(2 + 1/(-1)). What is the units digit of b(a)?
3
Let q = -98 + 144. Suppose 2*x - q = -16. What is the units digit of x?
5
Suppose -35*a - 1364 = -36*a. What is the thousands digit of a?
1
Let g(o) be the first derivative of o**3/3 + 5*o**2/2 + 10*o - 1. Let c be g(5). Suppose -4*q - c = -a - 21, q + 139 = 3*a. What is the tens digit of a?
4
Let n(b) = -b**2 - b - 43. Let r be n(0). Let a = -3 - r. What is the tens digit of a?
4
Suppose 2*c = -r + 4336, 3*c - 1383 - 5112 = 3*r. What is the tens digit of c?
6
Let n(m) = -257*m**3 + 2*m**2 + 4*m - 3. What is the tens digit of n(-2)?
5
Let s(g) = 12*g**3 + g**2 + 2*g - 2. Let o(d) = d**3 - 17*d**2 + 15*d + 17. Let c be o(16). What is the units digit of s(c)?
3
What is the tens digit of (3 + 1)*4318/4 + -4?
1
Let i(h) = h**2 + 6*h + 2. Let u be i(-6). Suppose -3*d + u*c + 259 = 0, -2*d + 225 = -c + 52. What is the tens digit of d?
8
Suppose 4*p + 0*p = 12. Suppose x - c = -8 - 23, -p*c + 31 = -x. Let u = x + 65. What is the tens digit of u?
3
Suppose 4*d - 1140 - 724 = 0. What is the units digit of d?
6
Let l = -14 - -17. What is the units digit of l/(-1)*(-28)/12?
7
Let f(l) = l**3 - 3*l**2 - 7*l + 10. Let u be f(6). Suppose -u - 95 = -3*m. What is the tens digit of m?
5
What is the tens digit of (2/4)/((-1)/(-498))?
4
Let l = 558 - -82. What is the tens digit of l?
4
Let u = -921 + 1366. What is the hundreds digit of u?
4
What is the units digit of 3/((66/140)/11)?
0
Let c(g) = g**3 + 15*g**2 + 10*g - 12. Let u be c(-14). Suppose 3*q = -r + 3*r + 157, -q + u = r. What is the tens digit of q?
4
Suppose 4*l = -5*d + 738, -4*l - 4*d = -l - 553. Let y = l + -127. Let q = -34 + y. What is the units digit of q?
6
Suppose -22 + 0 = 2*s. Let y(n) = n**2 + 10*n - 9. Let x be y(s). What is the tens digit of 10*-2*(-1)/x?
1
Let n = 40 - -29. Let i = -19 + n. What is the units digit of i?
0
Let v be (-6)/8 - 3/(-4). Suppose v*i - 55 = -i - h, -5*i + 263 = 2*h. Suppose -t = -g - 41, 0*g + i = t - 3*g. What is the tens digit of t?
3
Suppose -4*c - 87 = -5*x + 6, 0 = 5*c - 2*x + 95. Let k be (c/(-4))/((-3)/(-12)). Suppose 3*g - 43 = k. What is the tens digit of g?
2
Let u(b) = b**2 - 12*b + 11. Let s be u(10). Let m = s - -39. Suppose 4*l - 62 = m. What is the tens digit of l?
2
Suppose -37*h + 2304 = -29*h. What is the hundreds digit of h?
2
Suppose -5*m + 15 = 5*h, 3*h - 4 = 2*h - 2*m. Let n = h + 48. Let s = 71 - n. What is the tens digit of s?
2
Let m(o) = o + 15. Let a be m(-9). Suppose -a*y = -144 - 36. What is the units digit of y?
0
What is the hundreds digit of (-17)/((-136)/3108)*24/14?
6
Let o(a) = a**2 - 26*a - 16. What is the tens digit of o(-16)?
5
Let c(p) = -p**2 - 17*p - 11. Let b be c(-11). Suppose 0*x + 2*x = -5*o + 31, -5*x - 5*o = -b. Let h = x + 34. What is the tens digit of h?
4
Let u be ((-80)/15 - 0)*-3. Suppose -23*c + 189 = -u*c. What is the units digit of c?
7
Let b(o) = -6*o + 2. Let a = -2 + -4. Let v be b(a). Suppose v = z + z. What is the tens digit of z?
1
Suppose -7*f - 4 = -18. Suppose -12*a + f*a + 390 = 0. What is the units digit of a?
9
Suppose -b + 175 = 5*n + 2*b, n - 5*b - 7 = 0. Suppose -2*z - n - 14 = -v, 4*z - 128 = -3*v. What is the tens digit of v?
4
Let o(k) be the first derivative of 5*k**3/3 - 3*k**2 - 18*k - 32. What is the tens digit of o(7)?
8
Let y be ((-8)/(-24))/(1/36). Let j(s) = -s + 16. Let d be j(y). Suppose -d*w + 3*g + 208 = -g, -4*w + 5*g = -204. What is the tens digit of w?
5
What is the thousands digit of 0 - (-1372 - (0/(-6) - 1))?
1
Let g be 442/10 - (-8)/(-40). Suppose -12 = 4*l + g. Let v = -13 - l. What is the units digit of v?
1
Suppose -3*n = 3 - 6. Suppose -2*b - n = 1, 0 = -p + 3*b + 76. What is the tens digit of p?
7
Suppose -21 = -2*h + 7. Suppose 0 = -h*o + 17*o - 129. What is the tens digit of o?
4
Let t be ((-7)/(3 - -4))/((-1)/230). Suppose 0 = -6*b + t + 556. What is the tens digit of b?
3
Let z = -45 - -32. Let l(c) = -3*c**2 + 13*c + 4*c**2 - 8 + 24 + 0*c**2. What is the tens digit of l(z)?
1
Let q(g) = 14*g**2 + 3*g - 1. Let z be q(-3). Suppose -5*j + 212 + z = -2*h, 5*j + h = 316. What is the units digit of j?
4
Suppose -10*r - 5*r + 33405 = 0. What is the tens digit of r?
2
Let k = 3463 + 611. What is the units digit of k?
4
Let q(k) = 3*k**2 - 3*k + 3. Let p be q(1). Suppose -3*g = -0*g + 2*t - 2, -t = -p*g - 1. Let u(c) = -c**3 + c**2 - c + 2. What is the units digit of u(g)?
2
Let j = 4 - -1. Suppose 3*o = -j*h + 208, 5*o + 0*o - 87 = -2*h. Let y = h + -4. What is the tens digit of y?
3
Let y(j) = 8*j - 2. Let a(f) = -f + 19. Let z be a(15). What is the units digit of y(z)?
0
Let u be (102/136)/((-5)/8 - -1). Suppose u*y - 2950 = -8*y. What is the units digit of y?
5
Let x = 191 + -11. What is the hundreds digit of x?
1
Suppose 4*i - 257 - 43 = 2*r, 434 = -3*r - 2*i. Let k =